{"id":505,"date":"2018-07-17T15:44:19","date_gmt":"2018-07-17T15:44:19","guid":{"rendered":"https:\/\/try.chethemes.com\/jobhunt\/post-a-job\/"},"modified":"2025-02-17T23:44:57","modified_gmt":"2025-02-17T20:44:57","slug":"post-a-job","status":"publish","type":"page","link":"https:\/\/neet.osmaniye.edu.tr\/egitimisplatformu\/post-a-job\/","title":{"rendered":"\u0130lan Ver"},"content":{"rendered":"<form action=\"\/egitimisplatformu\/wp-json\/wp\/v2\/pages\/505\" method=\"post\" id=\"submit-job-form\" class=\"job-manager-form\" enctype=\"multipart\/form-data\">\n\n\t\n\t\n\t\n\t\t\t<fieldset class=\"fieldset-login_required\">\n\t\t<label>Hesab\u0131n\u0131z var m\u0131?<\/label>\n\t\t<div class=\"field account-sign-in\">\n\t\t\t<a class=\"button\" href=\"https:\/\/neet.osmaniye.edu.tr\/egitimisplatformu\/register-login\/#jh-login-tab-content\">Oturum a\u00e7<\/a>\n\n\t\t\t\n\t\t\t\tYeni ilan olu\u015fturmak i\u00e7in oturum a\u00e7mal\u0131s\u0131n\u0131z.\n\t\t\t\t\t<\/div>\n\t<\/fieldset>\n\t\n\t\n\t\n\t\t\n\t<\/form>\n\n","protected":false},"excerpt":{"rendered":"","protected":false},"author":1,"featured_media":0,"parent":0,"menu_order":0,"comment_status":"closed","ping_status":"closed","template":"","meta":{"footnotes":""},"class_list":["post-505","page","type-page","status-publish","hentry"],"_links":{"self":[{"href":"https:\/\/neet.osmaniye.edu.tr\/egitimisplatformu\/wp-json\/wp\/v2\/pages\/505","targetHints":{"allow":["GET"]}}],"collection":[{"href":"https:\/\/neet.osmaniye.edu.tr\/egitimisplatformu\/wp-json\/wp\/v2\/pages"}],"about":[{"href":"https:\/\/neet.osmaniye.edu.tr\/egitimisplatformu\/wp-json\/wp\/v2\/types\/page"}],"author":[{"embeddable":true,"href":"https:\/\/neet.osmaniye.edu.tr\/egitimisplatformu\/wp-json\/wp\/v2\/users\/1"}],"replies":[{"embeddable":true,"href":"https:\/\/neet.osmaniye.edu.tr\/egitimisplatformu\/wp-json\/wp\/v2\/comments?post=505"}],"version-history":[{"count":1,"href":"https:\/\/neet.osmaniye.edu.tr\/egitimisplatformu\/wp-json\/wp\/v2\/pages\/505\/revisions"}],"predecessor-version":[{"id":1327,"href":"https:\/\/neet.osmaniye.edu.tr\/egitimisplatformu\/wp-json\/wp\/v2\/pages\/505\/revisions\/1327"}],"wp:attachment":[{"href":"https:\/\/neet.osmaniye.edu.tr\/egitimisplatformu\/wp-json\/wp\/v2\/media?parent=505"}],"curies":[{"name":"wp","href":"https:\/\/api.w.org\/{rel}","templated":true}]}}